 is divided by 34?
31
Calculate the remainder when 9194 is divided by 156.
146
Calculate the remainder when 17505 is divided by 500.
5
Calculate the remainder when 24710 is divided by 449.
15
What is the remainder when 788184 is divided by 1833?
1827
Calculate the remainder when 5742972 is divided by 901.
899
Calculate the remainder when 252174 is divided by 948.
6
Calculate the remainder when 1735 is divided by 465.
340
What is the remainder when 30802 is divided by 716?
14
Calculate the remainder when 11967 is divided by 600.
567
What is the remainder when 2158 is divided by 358?
10
Calculate the remainder when 51479 is divided by 40.
39
Calculate the remainder when 446579 is divided by 904.
3
What is the remainder when 35324 is divided by 3210?
14
What is the remainder when 88404 is divided by 157?
13
Calculate the remainder when 269359 is divided by 1472.
1455
Calculate the remainder when 26027 is divided by 142.
41
What is the remainder when 100799 is divided by 310?
49
Calculate the remainder when 8411 is divided by 14.
11
What is the remainder when 1555 is divided by 48?
19
Calculate the remainder when 83977 is divided by 365.
27
What is the remainder when 362344 is divided by 49?
38
Calculate the remainder when 8508 is divided by 503.
460
Calculate the remainder when 236 is divided by 59.
0
Calculate the remainder when 1269 is divided by 72.
45
What is the remainder when 27323 is divided by 186?
167
Calculate the remainder when 100091 is divided by 269.
23
What is the remainder when 3107239 is divided by 439?
436
What is the remainder when 8650 is divided by 4299?
52
What is the remainder when 26401 is divided by 180?
121
Calculate the remainder when 17681 is divided by 28.
13
Calculate the remainder when 57390 is divided by 9563.
12
Calculate the remainder when 2931 is divided by 617.
463
Calculate the remainder when 220435 is divided by 1002.
997
What is the remainder when 17404 is divided by 355?
9
What is the remainder when 207315 is divided by 284?
279
What is the remainder when 65331 is divided by 779?
674
Calculate the remainder when 781 is divided by 246.
43
What is the remainder when 5940 is divided by 494?
12
Calculate the remainder when 34102 is divided by 17043.
16
Calculate the remainder when 1426 is divided by 210.
166
What is the remainder when 87 is divided by 29?
0
What is the remainder when 8595 is divided by 2217?
1944
Calculate the remainder when 150828 is divided by 75413.
2
What is the remainder when 1811547 is divided by 75?
72
What is the remainder when 558447 is divided by 73?
70
What is the remainder when 304267 is divided by 11?
7
What is the remainder when 28826 is divided by 4588?
1298
Calculate the remainder when 15848 is divided by 1025.
473
Calculate the remainder when 1338 is divided by 434.
36
What is the remainder when 649975 is divided by 34?
31
What is the remainder when 13072 is divided by 509?
347
Calculate the remainder when 67833 is divided by 67829.
4
What is the remainder when 102 is divided by 11?
3
What is the remainder when 40641 is divided by 6768?
33
What is the remainder when 29462 is divided by 85?
52
Calculate the remainder when 122802 is divided by 83.
45
Calculate the remainder when 4412 is divided by 80.
12
Calculate the remainder when 16649 is divided by 5535.
44
What is the remainder when 104662 is divided by 52325?
12
Calculate the remainder when 3737 is divided by 179.
157
Calculate the remainder when 686331 is divided by 256.
251
Calculate the remainder when 83163 is divided by 25.
13
Calculate the remainder when 239365 is divided by 52.
9
Calculate the remainder when 21959 is divided by 1686.
41
Calculate the remainder when 18841 is divided by 4708.
9
What is the remainder when 101877 is divided by 75?
27
Calculate the remainder when 7358 is divided by 127.
119
Calculate the remainder when 2962 is divided by 1471.
20
What is the remainder when 102929 is divided by 74?
69
What is the remainder when 1179578 is divided by 112?
106
Calculate the remainder when 55520 is divided by 107.
94
What is the remainder when 668318 is divided by 107?
103
What is the remainder when 606 is divided by 106?
76
Calculate the remainder when 40262 is divided by 5711.
285
What is the remainder when 4785 is divided by 239?
5
Calculate the remainder when 15829 is divided by 770.
429
Calculate the remainder when 27290 is divided by 1516.
2
What is the remainder when 79812 is divided by 177?
162
What is the remainder when 6799 is divided by 943?
198
What is the remainder when 216640 is divided by 1454?
1448
Calculate the remainder when 8633 is divided by 2505.
1118
What is the remainder when 1361 is divided by 408?
137
Calculate the remainder when 622 is divided by 104.
102
Calculate the remainder when 212821 is divided by 25.
21
What is the remainder when 2455 is divided by 254?
169
Calculate the remainder when 124276 is divided by 77.
75
Calculate the remainder when 2685 is divided by 224.
221
What is the remainder when 8598 is divided by 418?
238
Calculate the remainder when 31859 is divided by 31.
22
Calculate the remainder when 91178 is divided by 991.
6
What is the remainder when 92 is divided by 13?
1
Calculate the remainder when 1266 is divided by 213.
201
What is the remainder when 254481 is divided by 84824?
9
What is the remainder when 14820 is divided by 2926?
190
Calculate the remainder when 57424 is divided by 19122.
58
Calculate the remainder when 25569 is divided by 49.
40
What is the remainder when 6130 is divided by 236?
230
Calculate the remainder when 15354 is divided by 30.
24
Calculate the remainder when 6507 is divided by 681.
378
What is the remainder when 5166 is divided by 1269?
90
What is the remainder when 10391 is divided by 514?
111
Calculate the remainder when 834675 is divided by 58.
55
What is the remainder when 3032 is divided by 1439?
154
What is the remainder when 3538 is divided by 6?
4
Calculate the remainder when 8286 is divided by 4132.
22
Calculate the remainder when 593300 is divided by 84756.
8
Calculate the remainder when 2400 is divided by 1556.
844
What is the remainder when 2736 is divided by 448?
48
Calculate the remainder when 1593538 is divided by 10.
8
What is the remainder when 494525 is divided by 70646?
3
Calculate the remainder when 9913 is divided by 92.
69
What is the remainder when 249451 is divided by 28?
27
Calculate the remainder when 236882 is divided by 122.
80
Calculate the remainder when 82991 is divided by 266.
265
What is the remainder when 1627 is divided by 211?
150
What is the remainder when 6925 is divided by 24?
13
What is the remainder when 28398 is divided by 46?
16
What is the remainder when 1361 is divided by 1360?
1
Calculate the remainder when 4483 is divided by 280.
3
What is the remainder when 69194 is divided by 1258?
4
What is the remainder when 34947 is divided by 1779?
1146
Calculate the remainder when 2652 is divided by 2337.
315
What is the remainder when 3910 is divided by 1126?
532
What is the remainder when 28863 is divided by 7151?
259
Calculate the remainder when 134829 is divided by 34.
19
What is the remainder when 76745 is divided by 25545?
110
Calculate the remainder when 3029 is divided by 7.
5
Calculate the remainder when 2784 is divided by 693.
12
Calculate the remainder when 5742698 is divided by 21.
17
Calculate the remainder when 33839 is divided by 6760.
39
Calculate the remainder when 1618 is divided by 440.
298
What is the remainder when 7056 is divided by 446?
366
What is the remainder when 187618 is divided by 295?
293
What is the remainder when 1299 is divided by 3?
0
What is the remainder when 109647 is divided by 170?
167
What is the remainder when 1409429 is divided by 55?
54
Calculate the remainder when 93294 is divided by 196.
194
Calculate the remainder when 87505 is divided by 20.
5
What is the remainder when 14454 is divided by 4812?
18
What is the remainder when 22641 is divided by 208?
177
What is the remainder when 5248 is divided by 181?
180
What is the remainder when 9843 is divided by 1?
0
What is the remainder when 27314 is divided by 1525?
1389
Calculate the remainder when 15440 is divided by 7711.
18
Calculate the remainder when 170392 is divided by 100.
92
Calculate the remai